{"id":18121,"date":"2022-02-24T12:50:44","date_gmt":"2022-02-24T12:50:44","guid":{"rendered":"https:\/\/gestassur.net\/assur-expat\/test\/?page_id=18121"},"modified":"2022-07-21T12:55:26","modified_gmt":"2022-07-21T12:55:26","slug":"voyages","status":"publish","type":"page","link":"https:\/\/assurexpat.com\/index.php\/voyages\/","title":{"rendered":"Voyages"},"content":{"rendered":"\t\t<div data-elementor-type=\"wp-page\" data-elementor-id=\"18121\" class=\"elementor elementor-18121\">\n\t\t\t\t\t\t<section class=\"elementor-section elementor-top-section elementor-element elementor-element-519969b elementor-section-stretched elementor-section-content-middle elementor-section-boxed elementor-section-height-default elementor-section-height-default cd-bg-color-transparent\" data-id=\"519969b\" data-element_type=\"section\" data-settings=\"{&quot;stretch_section&quot;:&quot;section-stretched&quot;}\">\n\t\t\t\t\t\t<div class=\"elementor-container elementor-column-gap-default\">\n\t\t\t\t\t<div class=\"elementor-column elementor-col-50 elementor-top-column elementor-element elementor-element-34f03d1 cd-bg-color-transparent\" data-id=\"34f03d1\" data-element_type=\"column\">\n\t\t\t<div class=\"elementor-widget-wrap elementor-element-populated\">\n\t\t\t\t\t\t<div class=\"elementor-element elementor-element-57481c6 about-us elementor-widget elementor-widget-image\" data-id=\"57481c6\" data-element_type=\"widget\" data-widget_type=\"image.default\">\n\t\t\t\t<div class=\"elementor-widget-container\">\n\t\t\t\t\t\t\t\t\t\t\t\t\t\t\t<img decoding=\"async\" src=\"https:\/\/assurexpat.com\/wp-content\/uploads\/elementor\/thumbs\/Assurance-voyage-courte-duree_Plan-de-travail-1-r7rusydteqje2vkrocvuiog4xom8k5iegzhkkl6dis.jpg\" title=\"Assurance voyage courte dur\u00e9e_Plan de travail 1\" alt=\"Assurance voyage courte dur\u00e9e_Plan de travail 1\" loading=\"lazy\" \/>\t\t\t\t\t\t\t\t\t\t\t\t\t\t\t<\/div>\n\t\t\t\t<\/div>\n\t\t\t\t\t<\/div>\n\t\t<\/div>\n\t\t\t\t<div class=\"elementor-column elementor-col-50 elementor-top-column elementor-element elementor-element-0e4df8d cd-bg-color-transparent\" data-id=\"0e4df8d\" data-element_type=\"column\">\n\t\t\t<div class=\"elementor-widget-wrap elementor-element-populated\">\n\t\t\t\t\t\t<div class=\"elementor-element elementor-element-cc5bbbb elementor-widget elementor-widget-text-editor\" data-id=\"cc5bbbb\" data-element_type=\"widget\" data-widget_type=\"text-editor.default\">\n\t\t\t\t<div class=\"elementor-widget-container\">\n\t\t\t\t\t\t\t\t\t<p>L\u2019assurance voyage vous apporte une protection compl\u00e8te lors de vos d\u00e9placement de courte dur\u00e9e. Qu\u2019il s\u2019agisse de d\u00e9placement d\u2019affaires ou de vacances, seul ou \u00e0 plusieurs vous \u00eates enti\u00e8rement prot\u00e9g\u00e9s.<\/p><p>Notre assurance voyage courte dur\u00e9e inclue \u00e9galement une assurance COVID 19 d\u00e9sormais indispensable pour rendre dans de nombreux pays.<\/p>\t\t\t\t\t\t\t\t<\/div>\n\t\t\t\t<\/div>\n\t\t\t\t\t<\/div>\n\t\t<\/div>\n\t\t\t\t\t<\/div>\n\t\t<\/section>\n\t\t\t\t<\/div>\n\t\t","protected":false},"excerpt":{"rendered":"<p>L\u2019assurance voyage vous apporte une protection compl\u00e8te lors de vos d\u00e9placement de courte dur\u00e9e. Qu\u2019il s\u2019agisse de d\u00e9placement d\u2019affaires ou de vacances, seul ou \u00e0 plusieurs vous \u00eates enti\u00e8rement prot\u00e9g\u00e9s. Notre assurance voyage courte dur\u00e9e inclue \u00e9galement une assurance COVID 19 d\u00e9sormais indispensable pour rendre dans de nombreux pays.<\/p>\n","protected":false},"author":1,"featured_media":0,"parent":0,"menu_order":0,"comment_status":"closed","ping_status":"closed","template":"","meta":{"_monsterinsights_skip_tracking":false,"_monsterinsights_sitenote_active":false,"_monsterinsights_sitenote_note":"","_monsterinsights_sitenote_category":0,"footnotes":""},"class_list":["post-18121","page","type-page","status-publish","hentry","without-image"],"aioseo_notices":[],"_links":{"self":[{"href":"https:\/\/assurexpat.com\/index.php\/wp-json\/wp\/v2\/pages\/18121","targetHints":{"allow":["GET"]}}],"collection":[{"href":"https:\/\/assurexpat.com\/index.php\/wp-json\/wp\/v2\/pages"}],"about":[{"href":"https:\/\/assurexpat.com\/index.php\/wp-json\/wp\/v2\/types\/page"}],"author":[{"embeddable":true,"href":"https:\/\/assurexpat.com\/index.php\/wp-json\/wp\/v2\/users\/1"}],"replies":[{"embeddable":true,"href":"https:\/\/assurexpat.com\/index.php\/wp-json\/wp\/v2\/comments?post=18121"}],"version-history":[{"count":25,"href":"https:\/\/assurexpat.com\/index.php\/wp-json\/wp\/v2\/pages\/18121\/revisions"}],"predecessor-version":[{"id":18342,"href":"https:\/\/assurexpat.com\/index.php\/wp-json\/wp\/v2\/pages\/18121\/revisions\/18342"}],"wp:attachment":[{"href":"https:\/\/assurexpat.com\/index.php\/wp-json\/wp\/v2\/media?parent=18121"}],"curies":[{"name":"wp","href":"https:\/\/api.w.org\/{rel}","templated":true}]}}